 m(b) be the second derivative of -b**7/2520 - b**6/720 - b**5/15 - 7*b**4/6 - 14*b. Let s(q) be the third derivative of m(q). Give s(y).
-8
Let o = 0 + -3. Let t(y) = 2*y - 6. Let g be t(4). Let c(s) = 2*s**2 - s**2 + s + s**g + s**3 + s**2 + 2. What is c(o)?
-1
Let l = -1011 - -972. Let t be 4*(-4)/(-12) - (-130)/l. Let a(w) be the second derivative of w**5/10 + w**4/4 - w**2/2 - w. Calculate a(t).
-5
Let t(r) = -r**2 - 8*r. Let z = 295 - 290. Let c be 1*((100/(-2))/z - -3). Determine t(c).
7
Suppose 43*x + 1104 + 57 = 0. Let n(l) = -6*l - 158. Give n(x).
4
Let r(u) = -3*u - 11. Let z be r(-6). Suppose 0 = -4*k + 2*t + 14, -4*k - 6*t = -t - z. Let m = -7 + k. Let s(i) = -i**3 - 5*i**2 - 5*i - 5. What is s(m)?
-1
Let p(q) = -4*q + 1. Suppose -6 = 16*g - 19*g. Suppose -8 + 0 = -g*z. Let s be (-1)/((3 - z) + 0). Calculate p(s).
-3
Let n = 2431 - 2431. Let r(f) be the first derivative of n*f + 4*f**2 + 20 - 1/3*f**3. Determine r(8).
0
Let i(h) = -h**2 - h + 1. Let l(b) = -4*b**2 - 8*b. Let f(m) = -5*i(m) + l(m). Suppose -5 = -5*j, v - 5*v = -4*j - 208. Suppose -7*d + 88 = v. Calculate f(d).
5
Let x(t) = -t**2 + 10*t + 4. Let p(m) be the second derivative of -m**3/3 - 15*m**2 + 34*m. Let q be p(-20). Give x(q).
4
Let x(v) = 10*v + 30. Let f(a) = -a**3 + 2*a**2 - 38*a + 72. Let d be f(2). Calculate x(d).
-10
Let z(g) = 10*g + 3. Let y = 177 - 181. Let s(w) = -29*w - 8. Let v(o) = y*s(o) - 11*z(o). What is v(5)?
29
Let u be -4 + 10 - (-1)/(-1). Let f be (-1 - -3) + 4 - (-15)/u. Let a(p) = 10*p - 3 - 3*p - f*p. Determine a(-3).
3
Suppose -2*i - 5 = 5*j, 82*j + 4 = -3*i + 78*j. Let g(n) = n + 3. Determine g(i).
3
Suppose m - 16 = -3*m. Let n(l) = 3*l**3 - 627*l. Let p(v) = -13*v**3 + 5*v**2 + 2510*v + 4. Let u(i) = 4*n(i) + p(i). Determine u(m).
28
Let i(s) = -2*s. Let r be 1 + 3/(-6) - 55/(-10). Let k(z) = -z**3 + 5*z**2 + 3*z - 23. Let p be k(4). Suppose r*d - 19 - p = 0. Determine i(d).
-8
Suppose 190*p = 184*p - 12. Let a(k) = k**2 + 4*k + 1. Let d(m) = -4. Let t(w) = -5. Let o(b) = -6*d(b) + 5*t(b). Let z(x) = -a(x) + 2*o(x). Calculate z(p).
1
Let h(y) = -6*y - 3. Suppose -58*m - 124*m - 266 = -49*m. Determine h(m).
9
Let p(a) = 41*a - 83. Let i be (-4849)/(-2238) + 1/(-6). Calculate p(i).
-1
Let v = -9957 + 9950. Let z(u) = 3*u**3 + 7*u**2 - 2*u - 7. Let i(g) = -10*g**3 - 21*g**2 + 7*g + 21. Let k(d) = 2*i(d) + 7*z(d). Determine k(v).
-7
Let d(v) be the third derivative of v**5/60 + v**4/12 - v**3/6 - 2*v**2. Suppose 4*u + 12 = -l, 6*l - 3*l - 4*u = -4. Give d(l).
7
Suppose -7*d + 2*d = -h + 133, 206 = 2*h + 2*d. Let z = -117 + h. Let w(b) = -b**3 - 9*b**2 - 1. Determine w(z).
-1
Let t(u) = -u - 1. Let i(g) = -2*g - 2. Let k(r) = 3*i(r) - 5*t(r). Let f = 9427 - 9421. Calculate k(f).
-7
Let i = 6840 - 6853. Let h(b) = -b - 9. Let u(w) = -w - 1. Let f(t) = h(t) - 2*u(t). What is f(i)?
-20
Let t be 5 + 6/(54/9). Let i(c) be the second derivative of c**5/20 - c**4/2 + c**3/2 + 3*c**2 - 6*c - 10. What is i(t)?
24
Suppose -5*u - 43 = -3*q, 2*q + 5*u + 7 = -q. Let b(p) = -2*p - 15*p + 8*p + 8*p + q*p. What is b(-2)?
-10
Let u(l) = l**2 - 9*l. Suppose 5*q = -25*c + 21*c + 5, 2*q = c + 2. What is u(q)?
-8
Let h(n) = -4*n + 12. Suppose -24*c - 1584 = 6504. Let r = c - -345. Determine h(r).
-20
Let l(z) = -650*z**2 + 55 - 28 + 37*z + 647*z**2. Determine l(13).
1
Let l(j) = -12*j + 13. Let s be (-6*(-2)/(-4))/(-1) - 2. Let m be l(s). Let t(c) = c**2 - c. Determine t(m).
0
Let q be 2/(-4)*(-16 - 60/(-10)). Let d(j) = -j**3 - 9*j**2 - 5*j - 6. Let a(p) = -p**3 - 8*p**2 - 6*p - 7. Let i(k) = q*a(k) - 6*d(k). Give i(-14).
1
Suppose 65 + 79 = 6*t. Suppose -t = -j + 3*j. Let a(f) = f + 16. Calculate a(j).
4
Let f(t) = -6*t + 70. Suppose -30*n = -513 + 183. What is f(n)?
4
Let j be ((-11 - -16) + -8)*-2. Let t(p) = -p**2 - 7. Calculate t(j).
-43
Suppose i + 2*i - 5*k = 194, 350 = 5*i - 3*k. Let l = i + -70. Let r(m) = m**3 + 2 - 10 - 2*m**2 - 4*m**2 - 2*m**2 + l*m. Give r(8).
16
Let j = 42 - 33. Let l = 0 + j. Suppose -l*q + 12 = -5*q. Let u(n) = 5*n - 3. Determine u(q).
12
Suppose 136 + 44 = 60*g. Let h(z) be the first derivative of -22 - 1/4*z**4 + 1/2*z**2 + 3*z + 0*z**g. Calculate h(0).
3
Suppose -2*z + 0*l = 2*l - 8, l - 4 = 4*z. Let r(y) be the first derivative of -1/4*y**4 + 0*y - 1/2*y**2 - 119 - 1/3*y**3. What is r(z)?
0
Let m(w) be the third derivative of w**5/60 - w**4/4 - 5*w**3/2 - 1320*w**2. Determine m(-5).
40
Let m(s) = -s**3 - 1 + 0*s + 3*s**2 - 3*s - 8*s + 9*s. Let h be (-48)/(-21) - (-50)/(-175). Determine m(h).
-1
Let s(v) be the first derivative of 11*v**2/2 + 45*v - 1766. Give s(-11).
-76
Suppose 0 = -3*m - 9, -2 = -2*d + 2*m + 4. Let r be 8 + 1 + d + -2. Let k(i) = i + 2*i + i**2 + 4*i - 15*i. What is k(r)?
-7
Let o(i) = 11 + 5*i + 6 - i**2 - 4. Let x(n) = -185*n - 1658. Let j be x(-9). Calculate o(j).
-1
Let n(m) be the third derivative of m**5/20 - m**4/24 + m**3/6 + 4*m**2 - 3*m. Suppose 0*q = 2*q. Suppose q*i - 5*i + 5 = 0. What is n(i)?
3
Let r(z) be the first derivative of -1/2*z**2 + 56 + 4*z. Calculate r(-10).
14
Let t(p) = p**3 - 9*p**2 + 15*p - 4. Suppose -119 = -293*g + 276*g. Calculate t(g).
3
Let s(m) = -13*m + 84. Let v be (-24)/28*((-4)/(-4) + -10 + 2). Calculate s(v).
6
Let x(a) be the second derivative of a**4/12 - 5*a**3/6 + 9*a**2/2 - 7*a - 10. Let n be (1 + -64 + 2)/(1 + 0). Let b = -55 - n. Determine x(b).
15
Suppose 7*s - 3*s + 24 = 0. Let f(c) be the second derivative of c**5/120 + c**4/8 - 199*c**3/6 - 160*c. Let x(a) be the second derivative of f(a). Give x(s).
-3
Let h(c) = -41*c - 206. Suppose -28368*z + 28380*z + 60 = 0. Calculate h(z).
-1
Let p be ((-714)/(-17))/(2/1). Let x(a) = -4*a + 75. Calculate x(p).
-9
Let f be 1 - ((-3)/9 - (-14)/6). Let m be 4/8*(-47 - f). Let v = m - -22. Let z(l) = -9*l**3 - l**2 - l - 1. Calculate z(v).
8
Let m(q) = q**3 + 6*q**2 - 18*q + 11. Suppose -36*k - 766 = -308 - 170. What is m(k)?
27
Let a(n) be the first derivative of -48 + 0*n - 1/4*n**4 + 0*n**3 + 1/2*n**2. Suppose 0 = j - 5*y - 9, -j - y = 2*y + 7. Give a(j).
0
Let b be (-12)/4 - (-54)/6. Let j(q) = -19*q + 5. Let r(t) = -2*t + 1. Let d(h) = b*r(h) - j(h). Let l(p) = p + 7. Let s be l(-4). What is d(s)?
22
Let f be ((2 + -3)*0)/(7 + -5). Suppose f*q = 4*m - 4*q - 24, 2*q = -2. Let r(a) be the second derivative of -a**3/6 - a**2 + 7*a. Calculate r(m).
-7
Let h(l) be the first derivative of -20*l**3/3 + l**2/2 + l - 24. Let g = 66 + -67. Give h(g).
-20
Suppose 4*w + 7 + 9 = 2*f, 58 = 4*f + 5*w. Suppose 5*t - 87 = -f. Let k(j) = t*j - 7 + 20*j - 33*j. Calculate k(5).
3
Let s(x) = 13*x**3 - 53*x**2 + 3*x + 19. Let g(i) = -31*i**3 + 132*i**2 - 7*i - 48. Let a(k) = -5*g(k) - 12*s(k). Determine a(0).
12
Let r(k) = k + 14. Let a be r(-6). Let c(u) = -15*u - 15. Let d(v) = -4*v - 1. Let b(t) = c(t) - 4*d(t). Give b(a).
-3
Let f(o) = -2*o**2 + 16*o + 32. Suppose -3759 + 4201 = 18*p + 16*p. Calculate f(p).
-98
Let r(s) = -s**3 + 8*s**2 - s + 19. Let o = 3419 - 3411. Calculate r(o).
11
Let r be (20 - (-2760)/(-140)) + (-24)/(-14). Let t(a) be the first derivative of -5 + 0*a**2 - 2/3*a**3 + 2*a. Give t(r).
-6
Let k(f) = -5*f**2 - 43*f - 12. Let m(s) = 10*s**3 + 40*s**2 - 3*s - 20. Let n be m(-4). Give k(n).
12
Let c be (((-1071)/18)/(-7))/((-2)/(-4)). Let r(k) = k**3 - 17*k**2 + 2*k - 32. Give r(c).
2
Let l(u) = -17*u**2 + 8*u + 3. Let v(b) = 40*b**2 - 17*b - 6. Let h(w) = 7*l(w) + 3*v(w). Calculate h(5).
53
Let k(v) = -v - 5. Suppose 245*r - 247*r + 248 = 0. Let z = 115 - r. Give k(z).
4
Let y(w) be the first derivative of -w**4/4 + 5*w**3/3 + w**2 - 6*w + 1166. Determine y(5).
4
Let d(t) = t**3 + 111*t**2 - 5*t - 550. Let n be d(-111). Let b(f) = -17*f + 87. What is b(n)?
2
Let s(f) = 17 - 756*f + 763*f + 1. Calculate s(-5).
-17
Let j(k) = -4*k - 2. Let p be j(-2). Suppose -60*h + 56*h = -12. Let n(v) = -v**h - 27*v + 59*v + 6*v**2 + 3 - 33*v. Determine n(p).
-3
Let x(p) be the second derivative of p**4/12 + p**3/2 - p**2/2 + 26*p. Suppose -86*u = 486 - 56. Determine x(u).
9
Let r be 4353/13 - (14 - 1104/78). Let g = r - 330. Let q(v) = -v**3 + 6*v**2 - 3*v. What is q(g)?
10
Let t(d) = -898804*d**3 + 898805*d**3 - 5 - d + 0*d - 4*d**2. Give t(6).
61
Let c(a) = -3*a - 12. Let b be c(-4). Suppose b = 6*j - 15 + 9. Let v(q) be t